 Let y = f - -159. Suppose -4*j - y = -9*j. Calculate the remainder when 26 is divided by j.
12
Let d be 42/((84/(-16))/(-7)). Suppose -4*s - c = -68, 2*s + 12 - d = 2*c. What is the remainder when 33 is divided by s?
15
Suppose 2*g + z - 138 = 5*g, -185 = 4*g - z. Let l = g + 101. Suppose 2*c - 4*i = 46, -3*i - 74 = -4*c - 4*i. Calculate the remainder when l is divided by c.
16
Suppose 0 = -5*j - 5*p + 775, 2*p + 2 - 6 = 0. What is the remainder when j is divided by 26?
23
Suppose 3*u + 5*n - 50 = 0, 5*n - 96 = -5*u + 3*n. What is the remainder when 55 is divided by u?
15
Let o = 0 - 6. Let k = o - -10. Suppose 72 = k*f - f. What is the remainder when f is divided by 13?
11
Suppose 0 = k - 10*k + 1512. Calculate the remainder when k is divided by 34.
32
Let a(t) = 2*t**2 - 11*t - 46. What is the remainder when a(11) is divided by 39?
36
Suppose q = 4*a - 20 - 11, 2*a + q = 23. What is the remainder when 15 is divided by a?
6
Calculate the remainder when 66 is divided by (-280)/(-16) - 2/4.
15
Let q(z) = -1. Let b(u) = u. Let x(h) = b(h) - 6*q(h). Calculate the remainder when x(3) is divided by 5.
4
Let z(m) = -m**2 - 12*m - 2. What is the remainder when z(-9) is divided by 14?
11
Suppose 218 = -5*i + 798. What is the remainder when i is divided by 30?
26
Suppose -2*w + 2*u + 54 = 0, -w + 102 = 3*w - 2*u. Calculate the remainder when 6 + -8 - (-1 - w) is divided by 13.
10
Let s = -119 - -157. Suppose -4*z - 4*x + 72 = 0, 44 = 4*z - z + x. Calculate the remainder when s is divided by z.
12
Let z(v) = v + 7. Let o be z(-5). Suppose o*m = -0*m + 12. Let a(n) = n**2 - 3*n - 1. What is the remainder when a(6) is divided by m?
5
Suppose -3*s + 0 + 36 = 0. Let g = s + 2. Let f = -65 - -92. What is the remainder when f is divided by g?
13
Let c(x) be the second derivative of x**4/12 - x**3/2 - 3*x**2/2 + 3*x. Calculate the remainder when 25 is divided by c(5).
4
Let u(i) = i**3 + 6*i**2 + 6*i + 12. Calculate the remainder when 27 is divided by u(-5).
6
Let z(r) = 90*r**2 + 1. Let m be z(-1). Let h = -56 + m. What is the remainder when h is divided by 12?
11
Suppose 12 = 2*a - 30. What is the remainder when a is divided by 12?
9
Let t(l) = -4*l. Let w be 2*2/12*3. Let p be t(w). Calculate the remainder when 9 is divided by 51/9 - p/(-6).
4
Calculate the remainder when (-28)/(-1) + 1*-2 is divided by 10.
6
Let h(b) = b**3 + b + 17. Let p be h(0). Let c = -7 + p. Calculate the remainder when c is divided by 23/4 - (-3)/12.
4
What is the remainder when 1 + (2 - (0 - -1)) is divided by (1 + 1)*(-9)/72*-4?
0
Suppose 155 - 26 = 3*u. Calculate the remainder when u is divided by 9.
7
Let r(n) = -54*n. What is the remainder when r(-1) is divided by 28?
26
Suppose 3 = 2*m - m. Suppose -5*v - 36 = -m*k, -4*v - 14 = -2*k + 14. Let h = v + 29. Calculate the remainder when h is divided by 13.
10
Let m = -8 + 14. Calculate the remainder when 5 is divided by (0 - -2)/(m/9).
2
Let f(w) = 0*w + 46*w**3 - w + 0*w**2 + w**2. What is the remainder when f(1) is divided by (16/(-10))/(1/(-10))?
14
Let r(b) = -24*b + 6. Calculate the remainder when r(-2) is divided by 7.
5
Suppose 4*m = k + 9, k - 9 = 5*m - 21. Suppose 5*o - 39 = -m*d, 3*d + 4*o - 5*o = 57. Calculate the remainder when 51 is divided by d.
15
Let x(i) = -20*i**3 + 2*i**2 + 5*i + 4. What is the remainder when x(-2) is divided by 41?
39
Let p = -41 + 79. What is the remainder when 113 is divided by p?
37
Suppose -o + 305 = 5*b, -2*b + 28 = -5*o - 94. What is the remainder when b is divided by 17?
10
Let a(l) = -9*l + 10. Let m = -15 - -36. What is the remainder when a(-8) is divided by m?
19
Let t be 1/(2 - 13/7). Let n(v) = v**2 - 3*v + 1. Calculate the remainder when n(t) is divided by (1 - -24)*(-2)/(-5).
9
Suppose -17 + 0 = -a. Let s = -9 + 18. What is the remainder when a is divided by s?
8
Let b(y) = -4*y**3 + 1 + y - y**3 + 6*y**3. Let i(c) = 2*c**3 - c**2 - c + 1. What is the remainder when i(1) is divided by b(0)?
0
Suppose -2*l = -3*p + 4*p, -4*l = -5*p. Suppose 3*m - 11 - 84 = -4*b, l = -2*b - 8. Suppose 39 = 3*w - 0. Calculate the remainder when m is divided by w.
11
Let z(u) = u**2 + 2*u - 35. Calculate the remainder when 60 is divided by z(-8).
8
Suppose -v - 8 = 2*h + 3*v, 4*h + 4 = 4*v. What is the remainder when 0 + -1 - 46/h is divided by (0 - (-3 + -8)) + 1?
10
Let u be (-4)/(-14) - 3006/(-14). Let t = 406 - 234. Suppose t = 4*d + 2*m, 0 = -5*d - 0*m - 3*m + u. What is the remainder when d is divided by 11?
10
Let n = 16 + 57. Calculate the remainder when n is divided by 38.
35
Suppose -4*c - 512 = 4*d - 0*d, d + 5*c = -136. Let l = -86 - d. Suppose 0 = 3*b - l - 92. What is the remainder when b is divided by 15?
14
Suppose 0 = 2*z - 4*z + 3*a - 15, -a - 3 = 0. What is the remainder when 18 is divided by -1 - z/(6/3)?
3
Let u(o) = -o**2 + 4*o + 23. Calculate the remainder when 6 is divided by u(7).
0
Let a be (2/(-3))/((-16)/72). Suppose -a*n + 6*n = 12. Calculate the remainder when 14 is divided by n.
2
Suppose -10*s = -20*s + 150. What is the remainder when 41 is divided by s?
11
Let x = 27 + -17. What is the remainder when 37 is divided by x?
7
Suppose 2*y - 3*f = -0*y + 70, y + 3*f - 17 = 0. What is the remainder when y is divided by 17?
12
Suppose 0 = 2*q + 2*q + 5*v + 8, -v = 5*q - 11. Let y be (-36)/(-2)*q/1. Suppose 0 = -2*f - f + y. What is the remainder when f is divided by 10?
8
Suppose -22 = -3*k + 11. Suppose 2*x + 4*n = 2*n - 706, 5*n = 4*x + 1385. What is the remainder when 30/(-40) - x/8 is divided by k?
10
Suppose -4*y - 12 = -6*y. Let t be (2 + (-3)/y)*14. Suppose -t - 11 = -2*l. Calculate the remainder when l is divided by 6.
4
Suppose -4*d + 13 = -7. Suppose -x + z - 1 = 0, 5 + 5 = d*x - 2*z. Suppose -k - 33 = -4*l - 5, 35 = 5*l + 3*k. Calculate the remainder when l is divided by x.
3
Let a = 0 - -15. Suppose -15 = -5*z + a. Suppose -h = -4*r - 60, 0 = 3*h + z*r - r - 95. What is the remainder when h is divided by 14?
12
Let j(x) be the third derivative of 3*x**4/4 + x**3/6 - 5*x**2. Calculate the remainder when j(3) is divided by 29.
26
Let v(u) = u**2 - 3*u - 6. What is the remainder when 99 is divided by v(8)?
31
Suppose 37*o - 390 = 31*o. Calculate the remainder when o is divided by 17.
14
Let a(i) = -1 + i**2 + 2 + 2 - 7*i. Let m be a(7). Suppose 28 = m*p - 20. What is the remainder when 30 is divided by p?
14
Suppose 19 = 26*a - 25*a. What is the remainder when 188 is divided by a?
17
What is the remainder when 3*(-5)/20 + 430/8 is divided by 19?
15
Suppose 5*l - 5 - 5 = 5*s, -4*s = 3*l - 13. Suppose 0 = l*c - j - 35, -3*c - 2*c + 4*j + 70 = 0. Calculate the remainder when 38 is divided by c.
8
Let v(f) = 6. Let b(c) = c - 1. Let o(p) = 4*b(p) + v(p). Calculate the remainder when o(15) is divided by 21.
20
Let n = 115 + -39. Suppose -2*w = 2*q - 6 - 34, -w = -5*q + n. Calculate the remainder when q is divided by 9.
7
Suppose 3*z - 2 = -4*a, -4*z - 3*a - 2*a + 3 = 0. Suppose z*j = -j + 18. Calculate the remainder when 11 is divided by j.
5
What is the remainder when (-7)/((-7)/2) + 155 is divided by 10?
7
Let n(w) = 2*w**2 - 5. What is the remainder when 45 is divided by n(3)?
6
Let m = -10 + 17. What is the remainder when 12 is divided by m?
5
Let o be 0/(-1) - (0 - -2). What is the remainder when (-420)/(-54) + o/(-9) is divided by 4?
0
Suppose 0 = 4*w - 5*z - 971, 737 = w + 2*w - 2*z. Calculate the remainder when w is divided by 42.
39
Calculate the remainder when -2 + 2/1 - -18 is divided by 7.
4
Let t(r) = 20*r - 1. Let p be ((-1)/(-1 + 0))/1. Suppose -5*k + 15 = 4*y, 2*y - 4*k = 4*y. What is the remainder when t(p) is divided by y?
9
Let u = 19 - -20. Calculate the remainder when u is divided by 10.
9
Suppose 3*v = v + 3*f + 28, 0 = -5*v + f + 57. Suppose -v + 139 = p. Suppose 5*k = k + p. What is the remainder when k is divided by 11?
10
What is the remainder when 7 - 3 - 8 - -30 is divided by -1*5*(-28)/10?
12
Let m(k) = 2*k**2. Let r be m(2). Let f(i) = -i**3 - 6*i**2 - 5*i + 6. What is the remainder when r/20 + (-48)/(-5) is divided by f(-5)?
4
Suppose -10 = c + 4*l + 5, -4*l = 16. Let m = 8 - 7. Calculate the remainder when c is divided by m.
0
Suppose -3*h + 2*h + 2 = 0. Suppose 3*g - h*g = 1. What is the remainder when 2 is divided by g?
0
Let t be -1